2)/1?
2
Let l(i) = -i**3 + i**2 + 2*i - 1. Suppose -5*f = 3*o - 16, 12 = 3*f + o + 4. What is the remainder when l(-2) is divided by f?
1
Suppose 0 = -4*z + 2*x + 18, z - 2*x - 27 = 3*x. Suppose 0 = b - m - 81, z*b - 390 = -3*b + 2*m. What is the remainder when b is divided by 26?
24
Suppose -5 = -2*u + 3. What is the remainder when ((-72)/u)/(-3) + 3 is divided by 38/9 + 2/(-9)?
1
Suppose 0 = -3*b + 2*b. Suppose 3*j + b*g - g - 68 = 0, 3*j - 62 = -2*g. Suppose -2*d + 11 = -75. What is the remainder when d is divided by j?
21
Suppose -2*u = 2*u - 16. Let h(b) = 0 - 3 + 5*b + u*b. What is the remainder when 28 is divided by h(2)?
13
Let y = -35 - -23. Calculate the remainder when (-13)/(-6)*y/(-2) is divided by 5.
3
Let t be (-2)/(-6)*0/(-8). Suppose t = a - 6*a + 15. What is the remainder when 3 is divided by a?
0
Let h(j) = 47 + 47 - 38 - j**2. What is the remainder when h(0) is divided by 19?
18
Let b(w) = -w**2 + 15. Let q = 60 - 31. What is the remainder when q is divided by b(0)?
14
Suppose -7*k + 155 = -2*k. Calculate the remainder when k is divided by -1 + (-2 - -19)/1.
15
Let o = 12 - 7. What is the remainder when 7 is divided by o?
2
Suppose -111 = -4*p - 43. Let j = 8 + -6. Suppose -5*f + b + 244 = 0, -101 = -2*f - b - j*b. Calculate the remainder when f is divided by p.
15
Suppose 0 = 2*r + 24 + 4. Suppose -2*m + 5*m - 27 = 0. Calculate the remainder when (-12)/(-42) - 234/r is divided by m.
8
Let z be (-2)/(6/27*-3). Suppose z*g - 35 - 13 = 0. Let o(p) = -p**2 + 7*p + 3. What is the remainder when g is divided by o(6)?
7
Let d(j) = -7*j**3 - 4*j**2 - 2*j + 6. Let p(w) = -w**3 + 1. Let v(g) = d(g) - 4*p(g). What is the remainder when 53 is divided by v(-2)?
11
Suppose 0 = -2*z + 10, z - 52 - 33 = 4*k. Let r = -8 - k. Calculate the remainder when 35 is divided by r.
11
Let k be 79/3 - (-1)/(-3). Let v(l) = 10*l**2 - l. Let m be v(1). Suppose -m + k = n. What is the remainder when n is divided by 6?
5
Let w(c) = -7*c**2 - 10*c + 5. Let q(o) = 3*o**2 + 5*o - 2. Let d(t) = -5*q(t) - 2*w(t). What is the remainder when 23 is divided by d(-3)?
5
Let f(r) = r**3 - 4*r**2 - 3*r - 7. Let k be f(6). Suppose 8*s - 7*s - k = 0. What is the remainder when s is divided by 12?
11
Suppose -2*l = 0, g - 4*g + 4*l + 303 = 0. What is the remainder when g is divided by 26?
23
Let d = 35 - 31. Let p be -4 + 2*(-1)/2. Let u = p + 12. What is the remainder when u is divided by d?
3
Let d = 31 - 21. Calculate the remainder when 15 + (1*4/2 - -1) is divided by d.
8
Let j = 7 + -3. Let c(u) = -u**3 - u**2 + u + 15. What is the remainder when c(0) is divided by j?
3
Suppose 0*b - 14 = -f - b, -f - 3*b + 24 = 0. Suppose 0*r - 3*r = -108. Let d = -10 + r. Calculate the remainder when d is divided by f.
8
Suppose -23 = 3*p + d - 70, 8 = -2*d. Let f(o) = o - 16. Let l be f(0). Let g = l + 66. Calculate the remainder when g is divided by p.
16
Let r(v) = -v**2 - 6*v - 4. Suppose c - 2*c + 14 = -3*d, -4*c + 3*d = -20. What is the remainder when r(-3) is divided by c?
1
Suppose 4*x + 0*b - 111 = -b, -5*x = 2*b - 138. Calculate the remainder when x is divided by (-5)/15 + (-31)/(-3).
8
Let t = 16 - 11. Let f(g) = -g + 7. Let q be f(7). Let h(o) = 2*o + 3. What is the remainder when t is divided by h(q)?
2
Let o(w) = 4*w - 1. What is the remainder when o(2) is divided by 4?
3
Let g = 61 - 43. What is the remainder when g is divided by 5?
3
Let c be 78 + (1 - 0) - -1. Let d = c - 40. Calculate the remainder when d is divided by 0 - 200/(-14) - 2/7.
12
Suppose -5*x = 5*c - 145, -3*x + 3*c = -47 - 34. Calculate the remainder when 83 is divided by x.
27
Let z = 12 - 4. Let d(i) = -i**3 - 3*i**2 - i. Let p be d(-3). Suppose 0 = -b + z + p. What is the remainder when b is divided by 6?
5
Suppose -3*v - 2*v + 10 = 0. Let n(s) = 2*s**3 - s + 2. What is the remainder when 47 is divided by n(v)?
15
Suppose 4*v - 15 = -4*q + 53, -5*v + 83 = 3*q. Suppose -1473 = -28*d + 207. What is the remainder when d is divided by v?
12
Let b be 3/6*6 + 11. Suppose h + 3 = b. What is the remainder when 30 is divided by h?
8
What is the remainder when 3/5 + (-2669)/(-85) is divided by 7?
4
Let m(c) = 11*c - 1. What is the remainder when 29 is divided by m(1)?
9
Suppose -3*a + 5*a + 72 = 0. Calculate the remainder when (-1196)/a - (-2)/(-9) is divided by 12.
9
Calculate the remainder when (2646/72)/((-1)/(-4)) is divided by 30.
27
What is the remainder when 45 is divided by (12/14)/(20/280)?
9
Let b = 58 + 19. What is the remainder when b is divided by 22?
11
Suppose -2*q = 2*u - 22, 0 = u + 2*u - q - 13. What is the remainder when 23 is divided by u?
5
Let b = 5 - 3. Suppose 15 = -b*d - 5. What is the remainder when d/35 - (-163)/7 is divided by 8?
7
Let n(j) = -j - 3. Let c be n(-3). Suppose -5*p = 2*b - 130 + 32, c = -2*b + 8. What is the remainder when p is divided by 10?
8
Suppose -2*b - 3*i = -212, -b + 2*b - 116 = -4*i. Suppose 88 + b = 4*d. Let p(u) = u**3 + 5*u**2 - u - 4. What is the remainder when d is divided by p(-4)?
15
Suppose -2*m = -4*m + 4. Let q = -11 + 19. Suppose -q = -3*i - i. Calculate the remainder when i is divided by m.
0
Let i = -88 + 137. Let g be 2 + (-4 - (2 + -2)). Calculate the remainder when i is divided by -1 + 1 - g - -15.
15
Let p(a) = -a. Let g be p(0). Suppose -2*t = -5*s - 28, 4*t + g*s = -2*s + 8. What is the remainder when 11 is divided by t?
3
Suppose -5*k + 20 = 0, 156 = 4*r + 3*k + k. Suppose -59 = -3*q + 5*m, 0 = q - 3*q - m + r. What is the remainder when 71 is divided by q?
17
Let h(i) = 9*i - 5. Calculate the remainder when h(3) is divided by 4.
2
Let c(o) = o - 8. Calculate the remainder when 13 is divided by c(16).
5
Suppose 3*k - 5*i = -0*i + 15, -3*k + 15 = -2*i. Suppose k*a - 32 = 28. Calculate the remainder when 33 is divided by a.
9
Let g be 2/7 + (-33)/(-7). Let q be 2*(-6)/4*1. Let k = q + g. What is the remainder when 5 is divided by k?
1
Suppose -29 = -3*d - 3*w + 10, -5*d - w + 45 = 0. Let y be d + -3 + 0/3. Suppose z - y*z + 36 = 0. Calculate the remainder when 16 is divided by z.
7
Suppose 150 = 4*z + z. Calculate the remainder when 1188/z - (-2)/5 is divided by 14.
12
Let h(d) = -d**2 + 3*d + 99. Calculate the remainder when h(0) is divided by ((-15)/(-12))/((-1)/(-20)).
24
Suppose 0 = o + 2*c - 32, -4*o - 4*c - 3 + 151 = 0. What is the remainder when 83 is divided by o?
41
Suppose 4*f + 0*u + 3*u = 453, f - 108 = u. Suppose -5*x = -f - 4. Calculate the remainder when x is divided by 8.
7
Let d(q) = -q**3 - 9*q**2 - 12*q - 12. Calculate the remainder when 59 is divided by d(-8).
19
Suppose 5*d - 9 = -3*y, 0 = -y + 5*y - 5*d + 23. Suppose 0 = -2*c + 3*s + 94, -2*c + 6*c - s = 168. Calculate the remainder when c is divided by 2 - (-9 + 6/y).
13
Suppose 0 = -3*p + 2*p + 5. Suppose 3*x = 3, -x = -2*t - 2*t + 35. Let f = t - p. What is the remainder when f is divided by 2?
0
Suppose 4*q = 2*a - a - 13, -5*a - 5*q + 40 = 0. What is the remainder when 21 is divided by a?
3
Let h be (-1)/4 - 849/12. Let d = -13 - h. What is the remainder when d is divided by 15?
13
Let s = -1 + 1. Suppose 2*c + 21 = 5*x, s = 4*x - 2*x + 3*c - 16. Let b = 303 + -290. What is the remainder when b is divided by x?
3
Let n = 60 - 33. What is the remainder when n is divided by 4/(-10) + (-222)/(-30)?
6
Suppose 5*b + 8 = 28. Let z = 6 + 0. Suppose -2*j = -r + z*r + 13, -j = -5*r - 31. Calculate the remainder when j is divided by b.
2
Suppose -3*z + w + 72 = 0, 4*z = -0*z + 5*w + 96. What is the remainder when 46 is divided by z?
22
Let q(u) = -18*u + 2. Let p be q(-4). Let w = p - 51. What is the remainder when 67 is divided by w?
21
Let i(x) = -x**3 + 5*x**2 - 3*x - 1. Let k(q) = q - 2. Let y be k(4). Suppose -y*b + 6 = b. What is the remainder when i(4) is divided by b?
1
Suppose -4*h + 19 = -3*h. Let w = h - 10. Calculate the remainder when ((-104)/(-6))/(6/w) is divided by 9.
8
Suppose 0 = -2*p + p + 27. Calculate the remainder when 107 is divided by p.
26
Let s = 46 - 12. Let x(r) = -10*r**2 - 7*r - 8. Let w(b) = 11*b**2 + 6*b + 7. Let m(o) = 7*w(o) + 6*x(o). What is the remainder when s is divided by m(1)?
16
Let t be -8*6*6/(-9). Suppose 0 = -2*p + d + 5 + 8, -t = -3*p + 4*d. Suppose -3*o = 12, 0 = p*r + 6*o - o - 8. What is the remainder when 20 is div